{"id":742,"date":"2018-08-07T18:02:40","date_gmt":"2018-08-07T16:02:40","guid":{"rendered":"https:\/\/leriredelarcenciel.com\/wordpress\/?post_type=product&#038;p=742"},"modified":"2025-01-13T11:30:05","modified_gmt":"2025-01-13T10:30:05","slug":"lettre-decorative-r-jaune","status":"publish","type":"product","link":"https:\/\/leriredelarcenciel.com\/wordpress\/produit\/lettre-decorative-r-jaune\/","title":{"rendered":"Lettre d\u00e9corative R, jaune soleil"},"content":{"rendered":"<p>Lettre d\u00e9corative R jaune soleil de 10cm, \u00e0 poser dans une chambre d&rsquo;enfant. Un petit personnage en pantalon et une d\u00e9coration \u00ab\u00a0bord de mer\u00a0\u00bb avec sable et coquillages d\u00e9corent l&rsquo;ensemble.<br \/>\nVoici un cadeau personnalisable et original, pour une naissance, un anniversaire, un No\u00ebl ou pour toute autre occasion pour petits et grands. Vous pourrez utiliser les lettres \u00ab\u00a0Le rire de l&rsquo;arc-en-ciel\u00a0\u00bb seules en initiales de pr\u00e9noms. Vous pouvez \u00e9galement cr\u00e9er des pr\u00e9noms entiers ou des mots.<\/p>\n<p>Comme toutes celles que je vous propose dans ma boutique, cette lettre R jaune est en papier m\u00e2ch\u00e9. En premier lieu, j&rsquo;ajoute la peinture. Puis je d\u00e9core avec du sable et des coquillages. Je vernis l&rsquo;ensemble. Je r\u00e9alise le petit personnage enti\u00e8rement \u00e0 la main et je le fixe sur la lettre.<\/p>\n<ul>\n<li>Lettre : papier m\u00e2ch\u00e9<\/li>\n<li>Dimensions de la lettre (personnage non compris) : 10 x 8,5 x 3 cm<\/li>\n<\/ul>\n<p>Vous souhaitez une lettre personnalis\u00e9e ?<br \/>\nContactez-moi pour m&rsquo;informer de la lettre choisie, de sa couleur, du personnage d\u00e9sir\u00e9 (couleur et longueur des cheveux, robe ou pantalon).<br \/>\nPr\u00e9voir 8 jours de d\u00e9lai environ pour sa r\u00e9alisation.<\/p>\n<p><strong>******************<\/strong><\/p>\n<p>Pour plus de transparence, j&rsquo;ai fait le choix de ne pas inclure les frais d&rsquo;exp\u00e9dition dans le prix des articles que je vous propose. Ils sont donc ajout\u00e9s lors de votre commande. Retrouvez toutes les informations sur <a href=\"https:\/\/leriredelarcenciel.com\/wordpress\/2018\/07\/13\/frais-dexpedition\/\" target=\"_blank\" rel=\"noopener noreferrer\"><strong><em>Frais d&rsquo;exp\u00e9dition<\/em><\/strong><\/a><strong><em>. <\/em><\/strong><\/p>\n<p>Cet article entre dans la cat\u00e9gorie <em>Colissimo 250g<\/em>.<\/p>\n<p><strong>******************<\/strong><\/p>\n<p>Besoin d&rsquo;<strong>informations suppl\u00e9mentaires<\/strong> sur ce produit ? Laissez-moi un message<a href=\"https:\/\/leriredelarcenciel.com\/wordpress\/contact-2\/\" target=\"_blank\" rel=\"noopener noreferrer\"><em><strong> ici.<\/strong><\/em><\/a> Je vous r\u00e9pondrai au plus vite.<\/p>\n<p><strong>******************<\/strong><\/p>\n<p>Vous souhaitez <strong>envoyer un cadeau<\/strong> ? Je peux envoyer cet article directement \u00e0 la personne de votre choix avec un emballage cadeau et un message de votre part. Pour cela, lors de votre commande, je vous invite \u00e0 cocher la case \u00ab\u00a0Exp\u00e9dier \u00e0 une personne diff\u00e9rente\u00a0\u00bb et \u00e0 me laisser le texte du message dans la partie \u00ab\u00a0Notes de commande\u00a0\u00bb.<\/p>\n<p><strong>******************<\/strong><\/p>\n<p><strong>Moyens de paiements<\/strong> accept\u00e9s : CB et Paypal<\/p>\n","protected":false},"excerpt":{"rendered":"<p>Lettre R 10cm, jaune, d\u00e9coration initiale pr\u00e9nom \u00e0 poser, avec personnage, th\u00e8me bord de mer, coquillages et sable<\/p>\n","protected":false},"featured_media":746,"template":"","meta":{"jetpack_post_was_ever_published":false},"product_brand":[],"product_cat":[489],"product_tag":[192,130,195,190,194],"class_list":{"0":"post-742","1":"product","2":"type-product","3":"status-publish","4":"has-post-thumbnail","6":"product_cat-lettres_decoratives_avec_petits-personnages","7":"product_tag-decoration-chambre-garcon","8":"product_tag-lettre-10-cm","9":"product_tag-lettre-originale","10":"product_tag-lettre-prenom","11":"product_tag-lettre-relief","12":"product_shipping_class-c250","14":"first","15":"instock","16":"shipping-taxable","17":"purchasable","18":"product-type-simple"},"jetpack_sharing_enabled":true,"_links":{"self":[{"href":"https:\/\/leriredelarcenciel.com\/wordpress\/wp-json\/wp\/v2\/product\/742","targetHints":{"allow":["GET"]}}],"collection":[{"href":"https:\/\/leriredelarcenciel.com\/wordpress\/wp-json\/wp\/v2\/product"}],"about":[{"href":"https:\/\/leriredelarcenciel.com\/wordpress\/wp-json\/wp\/v2\/types\/product"}],"wp:featuredmedia":[{"embeddable":true,"href":"https:\/\/leriredelarcenciel.com\/wordpress\/wp-json\/wp\/v2\/media\/746"}],"wp:attachment":[{"href":"https:\/\/leriredelarcenciel.com\/wordpress\/wp-json\/wp\/v2\/media?parent=742"}],"wp:term":[{"taxonomy":"product_brand","embeddable":true,"href":"https:\/\/leriredelarcenciel.com\/wordpress\/wp-json\/wp\/v2\/product_brand?post=742"},{"taxonomy":"product_cat","embeddable":true,"href":"https:\/\/leriredelarcenciel.com\/wordpress\/wp-json\/wp\/v2\/product_cat?post=742"},{"taxonomy":"product_tag","embeddable":true,"href":"https:\/\/leriredelarcenciel.com\/wordpress\/wp-json\/wp\/v2\/product_tag?post=742"}],"curies":[{"name":"wp","href":"https:\/\/api.w.org\/{rel}","templated":true}]}}

Lettre décorative R, jaune soleil

<p>Lettre décorative R jaune soleil de 10cm, à poser dans une chambre d&rsquo;enfant. Un petit personnage en pantalon et une décoration « bord de mer » avec sable et coquillages décorent l&rsquo;ensemble.<br />
Voici un cadeau personnalisable et original, pour une naissance, un anniversaire, un Noël ou pour toute autre occasion pour petits et grands. Vous pourrez utiliser les lettres « Le rire de l&rsquo;arc-en-ciel » seules en initiales de prénoms. Vous pouvez également créer des prénoms entiers ou des mots.</p>
<p>Comme toutes celles que je vous propose dans ma boutique, cette lettre R jaune est en papier mâché. En premier lieu, j&rsquo;ajoute la peinture. Puis je décore avec du sable et des coquillages. Je vernis l&rsquo;ensemble. Je réalise le petit personnage entièrement à la main et je le fixe sur la lettre.</p>
<ul>
<li>Lettre : papier mâché</li>
<li>Dimensions de la lettre (personnage non compris) : 10 x 8,5 x 3 cm</li>
</ul>
<p>Vous souhaitez une lettre personnalisée ?<br />
Contactez-moi pour m&rsquo;informer de la lettre choisie, de sa couleur, du personnage désiré (couleur et longueur des cheveux, robe ou pantalon).<br />
Prévoir 8 jours de délai environ pour sa réalisation.</p>
<p><strong>******************</strong></p>
<p>Pour plus de transparence, j&rsquo;ai fait le choix de ne pas inclure les frais d&rsquo;expédition dans le prix des articles que je vous propose. Ils sont donc ajoutés lors de votre commande. Retrouvez toutes les informations sur <a href="https://leriredelarcenciel.com/wordpress/2018/07/13/frais-dexpedition/" target="_blank" rel="noopener noreferrer"><strong><em>Frais d&rsquo;expédition</em></strong></a><strong><em>. </em></strong></p>
<p>Cet article entre dans la catégorie <em>Colissimo 250g</em>.</p>
<p><strong>******************</strong></p>
<p>Besoin d&rsquo;<strong>informations supplémentaires</strong> sur ce produit ? Laissez-moi un message<a href="https://leriredelarcenciel.com/wordpress/contact-2/" target="_blank" rel="noopener noreferrer"><em><strong> ici.</strong></em></a> Je vous répondrai au plus vite.</p>
<p><strong>******************</strong></p>
<p>Vous souhaitez <strong>envoyer un cadeau</strong> ? Je peux envoyer cet article directement à la personne de votre choix avec un emballage cadeau et un message de votre part. Pour cela, lors de votre commande, je vous invite à cocher la case « Expédier à une personne différente » et à me laisser le texte du message dans la partie « Notes de commande ».</p>
<p><strong>******************</strong></p>
<p><strong>Moyens de paiements</strong> acceptés : CB et Paypal</p>

<p>Lettre R 10cm, jaune, décoration initiale prénom à poser, avec personnage, thème bord de mer, coquillages et sable</p>
