{"id":7221,"date":"2023-02-13T11:25:22","date_gmt":"2023-02-13T10:25:22","guid":{"rendered":"https:\/\/leriredelarcenciel.com\/wordpress\/?post_type=product&#038;p=7221"},"modified":"2025-01-13T11:31:14","modified_gmt":"2025-01-13T10:31:14","slug":"petit-monde-poetique-rayon-de-soleil","status":"publish","type":"product","link":"https:\/\/leriredelarcenciel.com\/wordpress\/produit\/petit-monde-poetique-rayon-de-soleil\/","title":{"rendered":"Petit monde po\u00e9tique, rayon de soleil"},"content":{"rendered":"<p>Douceur d&rsquo;un matin de printemps avec cette plan\u00e8te miniature&#8230; Profitant des premiers rayons de soleil printaniers, cette demoiselle s&rsquo;est assise sur le banc du jardin, au milieu de la nature qui se r\u00e9veille.<\/p>\n<p>L&rsquo;objet de d\u00e9coration que je vous pr\u00e9sente ici est un petit monde joyeux et po\u00e9tique. Il est form\u00e9 d&rsquo;une boule peinte et vernie, pos\u00e9e sur un socle et d\u00e9cor\u00e9e en relief. J&rsquo;ai enti\u00e8rement r\u00e9alis\u00e9 le d\u00e9cor. J&rsquo;ai \u00e9galement fabriqu\u00e9 la figurine et je l&rsquo;ai install\u00e9e dans le paysage.<\/p>\n<ul>\n<li>Diam\u00e8tre de la boule : 6,5 cm<\/li>\n<li>Hauteur total : 11 cm environ<\/li>\n<li>Boule : papier m\u00e2ch\u00e9<\/li>\n<li>Socle : bois<\/li>\n<li>D\u00e9coration pour int\u00e9rieur uniquement<\/li>\n<li>Pi\u00e8ce unique<\/li>\n<\/ul>\n<p><strong>******************<\/strong><\/p>\n<p>Pour plus de transparence, j&rsquo;ai fait le choix de ne pas int\u00e9grer les <strong>frais d&rsquo;exp\u00e9dition<\/strong> dans le prix des articles que je vous propose. Ils sont donc ajout\u00e9s lors de votre commande. Retrouvez toutes les informations sur <a href=\"https:\/\/leriredelarcenciel.com\/wordpress\/2018\/07\/13\/frais-dexpedition\/\" target=\"_blank\" rel=\"noopener noreferrer\"><strong><em>Frais d&rsquo;exp\u00e9dition<\/em><\/strong><\/a><strong><em>. <\/em><\/strong><\/p>\n<p>Cet article entre dans la cat\u00e9gorie <em>Colissimo 250g<\/em>.<\/p>\n<p><strong>******************<\/strong><\/p>\n<p>Besoin d&rsquo;<strong>informations suppl\u00e9mentaires<\/strong> sur ce produit ? Laissez-moi un message<a href=\"https:\/\/leriredelarcenciel.com\/wordpress\/contact-2\/\" target=\"_blank\" rel=\"noopener noreferrer\"><em><strong> ici.<\/strong><\/em><\/a> Je vous r\u00e9pondrai au plus vite.<\/p>\n<p><strong>******************<\/strong><\/p>\n<p>Vous souhaitez <strong>envoyer un cadeau<\/strong> ? Je peux envoyer cet article directement \u00e0 la personne de votre choix avec un emballage cadeau et un message de votre part. Pour cela, lors de votre commande, je vous invite \u00e0 cocher la case \u00ab\u00a0Exp\u00e9dier \u00e0 une personne diff\u00e9rente\u00a0\u00bb et \u00e0 me laisser le texte du message dans la partie \u00ab\u00a0Notes de commande\u00a0\u00bb.<\/p>\n<p><strong>******************<\/strong><\/p>\n<p><strong>Moyens de paiements<\/strong> accept\u00e9s : CB et Paypal<\/p>\n","protected":false},"excerpt":{"rendered":"<p>Objet de d\u00e9coration, plan\u00e8te miniature, d\u00e9coration po\u00e9tique, petit monde diorama<\/p>\n","protected":false},"featured_media":7222,"template":"","meta":{"jetpack_post_was_ever_published":false},"product_brand":[],"product_cat":[490],"product_tag":[84,269,536,410,527],"class_list":{"0":"post-7221","1":"product","2":"type-product","3":"status-publish","4":"has-post-thumbnail","6":"product_cat-decorations_petits_mondes","7":"product_tag-decoration-a-poser","8":"product_tag-decoration-interieur","9":"product_tag-idee-cadeau","10":"product_tag-miniature","11":"product_tag-objet-poetique","12":"product_shipping_class-c250","14":"first","15":"instock","16":"shipping-taxable","17":"purchasable","18":"product-type-simple"},"jetpack_sharing_enabled":true,"_links":{"self":[{"href":"https:\/\/leriredelarcenciel.com\/wordpress\/wp-json\/wp\/v2\/product\/7221","targetHints":{"allow":["GET"]}}],"collection":[{"href":"https:\/\/leriredelarcenciel.com\/wordpress\/wp-json\/wp\/v2\/product"}],"about":[{"href":"https:\/\/leriredelarcenciel.com\/wordpress\/wp-json\/wp\/v2\/types\/product"}],"wp:featuredmedia":[{"embeddable":true,"href":"https:\/\/leriredelarcenciel.com\/wordpress\/wp-json\/wp\/v2\/media\/7222"}],"wp:attachment":[{"href":"https:\/\/leriredelarcenciel.com\/wordpress\/wp-json\/wp\/v2\/media?parent=7221"}],"wp:term":[{"taxonomy":"product_brand","embeddable":true,"href":"https:\/\/leriredelarcenciel.com\/wordpress\/wp-json\/wp\/v2\/product_brand?post=7221"},{"taxonomy":"product_cat","embeddable":true,"href":"https:\/\/leriredelarcenciel.com\/wordpress\/wp-json\/wp\/v2\/product_cat?post=7221"},{"taxonomy":"product_tag","embeddable":true,"href":"https:\/\/leriredelarcenciel.com\/wordpress\/wp-json\/wp\/v2\/product_tag?post=7221"}],"curies":[{"name":"wp","href":"https:\/\/api.w.org\/{rel}","templated":true}]}}