{"id":6889,"date":"2022-12-02T11:05:33","date_gmt":"2022-12-02T10:05:33","guid":{"rendered":"https:\/\/leriredelarcenciel.com\/wordpress\/?post_type=product&#038;p=6889"},"modified":"2026-01-23T11:54:13","modified_gmt":"2026-01-23T10:54:13","slug":"boucles-doreilles-fleur-bois-textile-et-argent-vert-et-blanc","status":"publish","type":"product","link":"https:\/\/leriredelarcenciel.com\/wordpress\/produit\/boucles-doreilles-fleur-bois-textile-et-argent-vert-et-blanc\/","title":{"rendered":"Boucles d&rsquo;oreilles fleur, bois textile et argent, vert et blanc"},"content":{"rendered":"<p>Boucles d&rsquo;oreilles sur le th\u00e8me des fleurs. Des herbes folles sur un tapis de fleurs blanches, dans un esprit de libert\u00e9.<\/p>\n<p>La partie textile des boucles est peinte puis brod\u00e9e finement \u00e0 la main. Le cadre en bois apporte un air de tableau miniature. Les boucles d&rsquo;oreilles sont mont\u00e9es sur des crochets en argent.<\/p>\n<p>Attentive \u00e0 votre confort, j&rsquo;ai r\u00e9alis\u00e9 des boucles d&rsquo;oreilles ultra l\u00e9g\u00e8res.<\/p>\n<ul>\n<li>Mod\u00e8le pour oreilles perc\u00e9es<\/li>\n<li>Crochets pour oreilles et anneaux : argent 925 massif, anti-allergique (sans nickel)<\/li>\n<li>Le tissu est en 100% lin<\/li>\n<li>Les fils \u00e0 broder sont en 100% coton<\/li>\n<li>Le cadre en bois est en fruitier<\/li>\n<li>Diam\u00e8tre : 2 cm<\/li>\n<li>Poids d&rsquo;une boucle : 1,5 g<\/li>\n<\/ul>\n<p>Pour l&rsquo;entretien des ronds brod\u00e9s, je vous recommande de les frotter \u00e0 plat entre vos mains, avec de l&rsquo;eau chaude et un d\u00e9tergent doux.<\/p>\n<p>Je con\u00e7ois et r\u00e9alise chaque mod\u00e8le de broderie pr\u00e9sent\u00e9 dans ma boutique. Chacun de ces \u00ab\u00a0mini tableaux\u00a0\u00bb nature est unique.<\/p>\n<p><strong>******************<\/strong><\/p>\n<p>Pour plus de transparence, j&rsquo;ai fait le choix de ne pas inclure les <strong>frais d&rsquo;exp\u00e9dition<\/strong> dans le prix des articles que je vous propose. Ils sont donc ajout\u00e9s lors de votre commande. Retrouvez toutes les informations sur <a href=\"https:\/\/leriredelarcenciel.com\/wordpress\/2018\/07\/13\/frais-dexpedition\/\" target=\"_blank\" rel=\"noopener noreferrer\"><strong><em>Frais d&rsquo;exp\u00e9dition<\/em><\/strong><\/a><strong><em>. <\/em><\/strong><\/p>\n<p>Cet article entre dans la cat\u00e9gorie <em>Lettre suivie 20g<\/em>.<\/p>\n<p><strong>******************<\/strong><\/p>\n<p>Besoin d&rsquo;<strong>informations suppl\u00e9mentaires<\/strong> sur ce produit ? Laissez-moi un message<a href=\"https:\/\/leriredelarcenciel.com\/wordpress\/contact-2\/\" target=\"_blank\" rel=\"noopener noreferrer\"><em><strong> ici.<\/strong><\/em><\/a> Je vous r\u00e9pondrai au plus vite.<\/p>\n<p><strong>******************<\/strong><\/p>\n<p>Vous souhaitez <strong>envoyer un cadeau<\/strong> ? Je peux envoyer cet article directement \u00e0 la personne de votre choix avec un emballage cadeau et un message de votre part. Pour cela, lors de votre commande, je vous invite \u00e0 cocher la case \u00ab\u00a0Exp\u00e9dier \u00e0 une personne diff\u00e9rente\u00a0\u00bb et \u00e0 me laisser le texte du message dans la partie \u00ab\u00a0Notes de commande\u00a0\u00bb.<\/p>\n<p><strong>******************<\/strong><\/p>\n<p><strong>Moyens de paiements<\/strong> accept\u00e9s : CB et Paypal<\/p>\n","protected":false},"excerpt":{"rendered":"<p>Bijoux brod\u00e9s textile, boucles d&rsquo;oreilles pendantes argent, bijou artisanal pour femme, peinture et broderie \u00e0 la main<\/p>\n","protected":false},"featured_media":6850,"template":"","meta":{"jetpack_post_was_ever_published":false},"product_brand":[],"product_cat":[485],"product_tag":[516,444,445,108,110,109,499],"class_list":{"0":"post-6889","1":"product","2":"type-product","3":"status-publish","4":"has-post-thumbnail","6":"product_cat-boucles_d_oreilles_brodees","7":"product_tag-artisanat-dart","8":"product_tag-bijoux-artisanaux","9":"product_tag-bijoux-fabrication-francaise","10":"product_tag-boucles-doreilles-argent","11":"product_tag-boucles-doreilles-brodees","12":"product_tag-boucles-doreilles-rondes","13":"product_tag-broderie-a-laiguille","14":"product_shipping_class-ls20","16":"first","17":"instock","18":"shipping-taxable","19":"purchasable","20":"product-type-simple"},"jetpack_sharing_enabled":true,"_links":{"self":[{"href":"https:\/\/leriredelarcenciel.com\/wordpress\/wp-json\/wp\/v2\/product\/6889","targetHints":{"allow":["GET"]}}],"collection":[{"href":"https:\/\/leriredelarcenciel.com\/wordpress\/wp-json\/wp\/v2\/product"}],"about":[{"href":"https:\/\/leriredelarcenciel.com\/wordpress\/wp-json\/wp\/v2\/types\/product"}],"wp:featuredmedia":[{"embeddable":true,"href":"https:\/\/leriredelarcenciel.com\/wordpress\/wp-json\/wp\/v2\/media\/6850"}],"wp:attachment":[{"href":"https:\/\/leriredelarcenciel.com\/wordpress\/wp-json\/wp\/v2\/media?parent=6889"}],"wp:term":[{"taxonomy":"product_brand","embeddable":true,"href":"https:\/\/leriredelarcenciel.com\/wordpress\/wp-json\/wp\/v2\/product_brand?post=6889"},{"taxonomy":"product_cat","embeddable":true,"href":"https:\/\/leriredelarcenciel.com\/wordpress\/wp-json\/wp\/v2\/product_cat?post=6889"},{"taxonomy":"product_tag","embeddable":true,"href":"https:\/\/leriredelarcenciel.com\/wordpress\/wp-json\/wp\/v2\/product_tag?post=6889"}],"curies":[{"name":"wp","href":"https:\/\/api.w.org\/{rel}","templated":true}]}}

<p>Boucles d&rsquo;oreilles sur le thème des fleurs. Des herbes folles sur un tapis de fleurs blanches, dans un esprit de liberté.</p>
<p>La partie textile des boucles est peinte puis brodée finement à la main. Le cadre en bois apporte un air de tableau miniature. Les boucles d&rsquo;oreilles sont montées sur des crochets en argent.</p>
<p>Attentive à votre confort, j&rsquo;ai réalisé des boucles d&rsquo;oreilles ultra légères.</p>
<ul>
<li>Modèle pour oreilles percées</li>
<li>Crochets pour oreilles et anneaux : argent 925 massif, anti-allergique (sans nickel)</li>
<li>Le tissu est en 100% lin</li>
<li>Les fils à broder sont en 100% coton</li>
<li>Le cadre en bois est en fruitier</li>
<li>Diamètre : 2 cm</li>
<li>Poids d&rsquo;une boucle : 1,5 g</li>
</ul>
<p>Pour l&rsquo;entretien des ronds brodés, je vous recommande de les frotter à plat entre vos mains, avec de l&rsquo;eau chaude et un détergent doux.</p>
<p>Je conçois et réalise chaque modèle de broderie présenté dans ma boutique. Chacun de ces « mini tableaux » nature est unique.</p>
<p><strong>******************</strong></p>
<p>Pour plus de transparence, j&rsquo;ai fait le choix de ne pas inclure les <strong>frais d&rsquo;expédition</strong> dans le prix des articles que je vous propose. Ils sont donc ajoutés lors de votre commande. Retrouvez toutes les informations sur <a href="https://leriredelarcenciel.com/wordpress/2018/07/13/frais-dexpedition/" target="_blank" rel="noopener noreferrer"><strong><em>Frais d&rsquo;expédition</em></strong></a><strong><em>. </em></strong></p>
<p>Cet article entre dans la catégorie <em>Lettre suivie 20g</em>.</p>
<p><strong>******************</strong></p>
<p>Besoin d&rsquo;<strong>informations supplémentaires</strong> sur ce produit ? Laissez-moi un message<a href="https://leriredelarcenciel.com/wordpress/contact-2/" target="_blank" rel="noopener noreferrer"><em><strong> ici.</strong></em></a> Je vous répondrai au plus vite.</p>
<p><strong>******************</strong></p>
<p>Vous souhaitez <strong>envoyer un cadeau</strong> ? Je peux envoyer cet article directement à la personne de votre choix avec un emballage cadeau et un message de votre part. Pour cela, lors de votre commande, je vous invite à cocher la case « Expédier à une personne différente » et à me laisser le texte du message dans la partie « Notes de commande ».</p>
<p><strong>******************</strong></p>
<p><strong>Moyens de paiements</strong> acceptés : CB et Paypal</p>

<p>Bijoux brodés textile, boucles d&rsquo;oreilles pendantes argent, bijou artisanal pour femme, peinture et broderie à la main</p>
