{"id":638,"date":"2018-07-27T17:31:57","date_gmt":"2018-07-27T15:31:57","guid":{"rendered":"https:\/\/leriredelarcenciel.com\/wordpress\/?post_type=product&#038;p=638"},"modified":"2025-01-13T11:30:34","modified_gmt":"2025-01-13T10:30:34","slug":"lettre-decorative-p-marron","status":"publish","type":"product","link":"https:\/\/leriredelarcenciel.com\/wordpress\/produit\/lettre-decorative-p-marron\/","title":{"rendered":"Lettre d\u00e9corative P, marron"},"content":{"rendered":"<p>Voici la lettre P en marron avec une touche d&rsquo;orange.<br \/>\nLa lettre P est recouverte de peinture et de vernis. Une figurine &#8211; gar\u00e7on &#8211; est assise tout en haut. Ce petit personnage est en pantalon \u00e0 carreaux et caraco. Au bas de la lettre, du sable et des coquillages compl\u00e8tent la d\u00e9coration.<\/p>\n<p>A offrir \u00e0 un gar\u00e7on pour une naissance ou un anniversaire. C&rsquo;est un cadeau unique et original qui peut se poser sur une \u00e9tag\u00e8re et m\u00eame se fixer sur la porte de la chambre avec un simple adh\u00e9sif double face (non fourni).<br \/>\nLa lettre P peut s&rsquo;utiliser seule (en initiale de pr\u00e9nom) ou accompagn\u00e9e d&rsquo;autres lettres pour former le pr\u00e9nom complet ou un mot (voir mod\u00e8les sur les photos).<\/p>\n<ul>\n<li>Lettre : papier m\u00e2ch\u00e9<\/li>\n<li>Dimensions de la lettre (personnage non compris) : 10 x 7,5 x 3 cm<\/li>\n<\/ul>\n<p>Vous souhaitez une lettre personnalis\u00e9e ?<br \/>\nContactez-moi pour m&rsquo;informer de la lettre choisie, de sa couleur, du personnage d\u00e9sir\u00e9 (couleur et longueur des cheveux, robe ou pantalon).<br \/>\nPr\u00e9voir 8 jours de d\u00e9lai environ pour sa r\u00e9alisation.<\/p>\n<p><strong>******************<\/strong><\/p>\n<p>Pour plus de transparence, j&rsquo;ai fait le choix de ne pas inclure les <strong>frais d&rsquo;exp\u00e9dition<\/strong> dans le prix des articles que je vous propose. Ils sont donc ajout\u00e9s lors de votre commande. Retrouvez toutes les informations sur <a href=\"https:\/\/leriredelarcenciel.com\/wordpress\/2018\/07\/13\/frais-dexpedition\/\" target=\"_blank\" rel=\"noopener noreferrer\"><strong><em>Frais d&rsquo;exp\u00e9dition<\/em><\/strong><\/a><strong><em>. <\/em><\/strong><\/p>\n<p>Cet article entre dans la cat\u00e9gorie <em>Colissimo 250g<\/em>.<\/p>\n<p><strong>******************<\/strong><\/p>\n<p>Besoin d&rsquo;<strong>informations suppl\u00e9mentaires<\/strong> sur ce produit ? Laissez-moi un message<a href=\"https:\/\/leriredelarcenciel.com\/wordpress\/contact-2\/\" target=\"_blank\" rel=\"noopener noreferrer\"><em><strong> ici.<\/strong><\/em><\/a> Je vous r\u00e9pondrai au plus vite.<\/p>\n<p><strong>******************<\/strong><\/p>\n<p>Vous souhaitez <strong>envoyer un cadeau<\/strong> ? Je peux envoyer cet article directement \u00e0 la personne de votre choix avec un emballage cadeau et un message de votre part. Pour cela, lors de votre commande, je vous invite \u00e0 cocher la case \u00ab\u00a0Exp\u00e9dier \u00e0 une personne diff\u00e9rente\u00a0\u00bb et \u00e0 me laisser le texte du message dans la partie \u00ab\u00a0Notes de commande\u00a0\u00bb.<\/p>\n<p><strong>******************<\/strong><\/p>\n<p><strong>Moyens de paiements<\/strong> accept\u00e9s : CB et Paypal<\/p>\n","protected":false},"excerpt":{"rendered":"<p>Lettre P marron avec figurine, d\u00e9coration \u00e0 poser, pr\u00e9nom gar\u00e7on, 10cm<\/p>\n","protected":false},"featured_media":641,"template":"","meta":{"jetpack_post_was_ever_published":false},"product_brand":[],"product_cat":[489],"product_tag":[192,130,191,193,190],"class_list":{"0":"post-638","1":"product","2":"type-product","3":"status-publish","4":"has-post-thumbnail","6":"product_cat-lettres_decoratives_avec_petits-personnages","7":"product_tag-decoration-chambre-garcon","8":"product_tag-lettre-10-cm","9":"product_tag-lettre-3d","10":"product_tag-lettre-p-garcon","11":"product_tag-lettre-prenom","12":"product_shipping_class-c250","14":"first","15":"instock","16":"shipping-taxable","17":"purchasable","18":"product-type-simple"},"jetpack_sharing_enabled":true,"_links":{"self":[{"href":"https:\/\/leriredelarcenciel.com\/wordpress\/wp-json\/wp\/v2\/product\/638","targetHints":{"allow":["GET"]}}],"collection":[{"href":"https:\/\/leriredelarcenciel.com\/wordpress\/wp-json\/wp\/v2\/product"}],"about":[{"href":"https:\/\/leriredelarcenciel.com\/wordpress\/wp-json\/wp\/v2\/types\/product"}],"wp:featuredmedia":[{"embeddable":true,"href":"https:\/\/leriredelarcenciel.com\/wordpress\/wp-json\/wp\/v2\/media\/641"}],"wp:attachment":[{"href":"https:\/\/leriredelarcenciel.com\/wordpress\/wp-json\/wp\/v2\/media?parent=638"}],"wp:term":[{"taxonomy":"product_brand","embeddable":true,"href":"https:\/\/leriredelarcenciel.com\/wordpress\/wp-json\/wp\/v2\/product_brand?post=638"},{"taxonomy":"product_cat","embeddable":true,"href":"https:\/\/leriredelarcenciel.com\/wordpress\/wp-json\/wp\/v2\/product_cat?post=638"},{"taxonomy":"product_tag","embeddable":true,"href":"https:\/\/leriredelarcenciel.com\/wordpress\/wp-json\/wp\/v2\/product_tag?post=638"}],"curies":[{"name":"wp","href":"https:\/\/api.w.org\/{rel}","templated":true}]}}

Lettre décorative P, marron

<p>Voici la lettre P en marron avec une touche d&rsquo;orange.<br />
La lettre P est recouverte de peinture et de vernis. Une figurine &#8211; garçon &#8211; est assise tout en haut. Ce petit personnage est en pantalon à carreaux et caraco. Au bas de la lettre, du sable et des coquillages complètent la décoration.</p>
<p>A offrir à un garçon pour une naissance ou un anniversaire. C&rsquo;est un cadeau unique et original qui peut se poser sur une étagère et même se fixer sur la porte de la chambre avec un simple adhésif double face (non fourni).<br />
La lettre P peut s&rsquo;utiliser seule (en initiale de prénom) ou accompagnée d&rsquo;autres lettres pour former le prénom complet ou un mot (voir modèles sur les photos).</p>
<ul>
<li>Lettre : papier mâché</li>
<li>Dimensions de la lettre (personnage non compris) : 10 x 7,5 x 3 cm</li>
</ul>
<p>Vous souhaitez une lettre personnalisée ?<br />
Contactez-moi pour m&rsquo;informer de la lettre choisie, de sa couleur, du personnage désiré (couleur et longueur des cheveux, robe ou pantalon).<br />
Prévoir 8 jours de délai environ pour sa réalisation.</p>
<p><strong>******************</strong></p>
<p>Pour plus de transparence, j&rsquo;ai fait le choix de ne pas inclure les <strong>frais d&rsquo;expédition</strong> dans le prix des articles que je vous propose. Ils sont donc ajoutés lors de votre commande. Retrouvez toutes les informations sur <a href="https://leriredelarcenciel.com/wordpress/2018/07/13/frais-dexpedition/" target="_blank" rel="noopener noreferrer"><strong><em>Frais d&rsquo;expédition</em></strong></a><strong><em>. </em></strong></p>
<p>Cet article entre dans la catégorie <em>Colissimo 250g</em>.</p>
<p><strong>******************</strong></p>
<p>Besoin d&rsquo;<strong>informations supplémentaires</strong> sur ce produit ? Laissez-moi un message<a href="https://leriredelarcenciel.com/wordpress/contact-2/" target="_blank" rel="noopener noreferrer"><em><strong> ici.</strong></em></a> Je vous répondrai au plus vite.</p>
<p><strong>******************</strong></p>
<p>Vous souhaitez <strong>envoyer un cadeau</strong> ? Je peux envoyer cet article directement à la personne de votre choix avec un emballage cadeau et un message de votre part. Pour cela, lors de votre commande, je vous invite à cocher la case « Expédier à une personne différente » et à me laisser le texte du message dans la partie « Notes de commande ».</p>
<p><strong>******************</strong></p>
<p><strong>Moyens de paiements</strong> acceptés : CB et Paypal</p>

<p>Lettre P marron avec figurine, décoration à poser, prénom garçon, 10cm</p>
