{"id":6284,"date":"2022-06-07T17:23:22","date_gmt":"2022-06-07T15:23:22","guid":{"rendered":"https:\/\/leriredelarcenciel.com\/wordpress\/?post_type=product&#038;p=6284"},"modified":"2026-01-23T11:55:54","modified_gmt":"2026-01-23T10:55:54","slug":"broche-nature-fond-marin-bois-et-textile-orange-et-vert","status":"publish","type":"product","link":"https:\/\/leriredelarcenciel.com\/wordpress\/produit\/broche-nature-fond-marin-bois-et-textile-orange-et-vert\/","title":{"rendered":"Broche nature fond marin, bois et textile, orang\u00e9 et vert"},"content":{"rendered":"<p>Broche sur le th\u00e8me des fonds marins. Un petit poisson heureux qui se glisse discr\u00e8tement parmi les longues algues&#8230; Voil\u00e0 ce que je vous propose avec cette broche venue tout droit du fond des mers.<\/p>\n<p>La partie textile de la broche est peinte puis brod\u00e9e finement \u00e0 la main. Un cadre en bois lui donne un air de tableau miniature.<\/p>\n<ul>\n<li>Support cabochon : bois de fruitier<\/li>\n<li>Diam\u00e8tre : 3,5 cm<\/li>\n<li>Fermeture de la broche avec s\u00e9curit\u00e9<\/li>\n<li>Tissu : lin<\/li>\n<li>Fil \u00e0 broder : coton<\/li>\n<\/ul>\n<p>Pour l&rsquo;entretien, je vous recommande de frotter \u00e0 plat entre vos mains, avec de l&rsquo;eau et un d\u00e9tergent doux.<\/p>\n<p>Je con\u00e7ois et r\u00e9alise chaque mod\u00e8le de broderie pr\u00e9sent\u00e9 dans ma boutique. Chacun de ces \u00ab\u00a0mini tableaux\u00a0\u00bb nature est unique.<\/p>\n<p><strong>******************<\/strong><\/p>\n<p>Pour plus de transparence, j&rsquo;ai fait le choix de ne pas inclure les <strong>frais d&rsquo;exp\u00e9dition<\/strong> dans le prix des articles que je vous propose. Ils sont donc ajout\u00e9s lors de votre commande. Retrouvez toutes les informations sur <a href=\"https:\/\/leriredelarcenciel.com\/wordpress\/2018\/07\/13\/frais-dexpedition\/\" target=\"_blank\" rel=\"noopener noreferrer\"><strong><em>Frais d&rsquo;exp\u00e9dition<\/em><\/strong><\/a><strong><em>. <\/em><\/strong><\/p>\n<p>Cet article entre dans la cat\u00e9gorie <em>Lettre suivie 20g<\/em>.<\/p>\n<p><strong>******************<\/strong><\/p>\n<p>Besoin d&rsquo;<strong>informations suppl\u00e9mentaires<\/strong> sur ce produit ? Laissez-moi un message<a href=\"https:\/\/leriredelarcenciel.com\/wordpress\/contact-2\/\" target=\"_blank\" rel=\"noopener noreferrer\"><em><strong> ici.<\/strong><\/em><\/a> Je vous r\u00e9pondrai au plus vite.<\/p>\n<p><strong>******************<\/strong><\/p>\n<p>Vous souhaitez <strong>envoyer un cadeau<\/strong> ? Je peux envoyer cet article directement \u00e0 la personne de votre choix avec un emballage cadeau et un message de votre part. Pour cela, lors de votre commande, je vous invite \u00e0 cocher la case \u00ab\u00a0Exp\u00e9dier \u00e0 une personne diff\u00e9rente\u00a0\u00bb et \u00e0 me laisser le texte du message dans la partie \u00ab\u00a0Notes de commande\u00a0\u00bb.<\/p>\n<p><strong>******************<\/strong><\/p>\n<p><strong>Moyens de paiements<\/strong> accept\u00e9s : CB et Paypal<\/p>\n","protected":false},"excerpt":{"rendered":"<p>Broche d\u00e9cor nature, tissu lin et bois, bijou artisanal pour femme, peinture et broderie \u00e0 la main<\/p>\n","protected":false},"featured_media":6285,"template":"","meta":{"jetpack_post_was_ever_published":false},"product_brand":[],"product_cat":[487],"product_tag":[516,435,531,434,198,423,296,533,185,69,499,164,425,464],"class_list":{"0":"post-6284","1":"product","2":"type-product","3":"status-publish","4":"has-post-thumbnail","6":"product_cat-broches_brodees","7":"product_tag-artisanat-dart","8":"product_tag-artisanat-francais","9":"product_tag-artisanat-local-ile-grande","10":"product_tag-artisanat-pleumeur-bodou","11":"product_tag-bijou-colore","12":"product_tag-bijou-unique","13":"product_tag-bijoux-boheme","14":"product_tag-broche-createur","15":"product_tag-broche-epingle","16":"product_tag-broches-vetements","17":"product_tag-broderie-a-laiguille","18":"product_tag-broderie-fine","19":"product_tag-cadeau-pour-femme","20":"product_tag-le-rire-de-larc-en-ciel","21":"product_shipping_class-ls20","23":"first","24":"instock","25":"shipping-taxable","26":"purchasable","27":"product-type-simple"},"jetpack_sharing_enabled":true,"_links":{"self":[{"href":"https:\/\/leriredelarcenciel.com\/wordpress\/wp-json\/wp\/v2\/product\/6284","targetHints":{"allow":["GET"]}}],"collection":[{"href":"https:\/\/leriredelarcenciel.com\/wordpress\/wp-json\/wp\/v2\/product"}],"about":[{"href":"https:\/\/leriredelarcenciel.com\/wordpress\/wp-json\/wp\/v2\/types\/product"}],"wp:featuredmedia":[{"embeddable":true,"href":"https:\/\/leriredelarcenciel.com\/wordpress\/wp-json\/wp\/v2\/media\/6285"}],"wp:attachment":[{"href":"https:\/\/leriredelarcenciel.com\/wordpress\/wp-json\/wp\/v2\/media?parent=6284"}],"wp:term":[{"taxonomy":"product_brand","embeddable":true,"href":"https:\/\/leriredelarcenciel.com\/wordpress\/wp-json\/wp\/v2\/product_brand?post=6284"},{"taxonomy":"product_cat","embeddable":true,"href":"https:\/\/leriredelarcenciel.com\/wordpress\/wp-json\/wp\/v2\/product_cat?post=6284"},{"taxonomy":"product_tag","embeddable":true,"href":"https:\/\/leriredelarcenciel.com\/wordpress\/wp-json\/wp\/v2\/product_tag?post=6284"}],"curies":[{"name":"wp","href":"https:\/\/api.w.org\/{rel}","templated":true}]}}

Broche nature fond marin, bois et textile, orangé et vert

<p>Broche sur le thème des fonds marins. Un petit poisson heureux qui se glisse discrètement parmi les longues algues&#8230; Voilà ce que je vous propose avec cette broche venue tout droit du fond des mers.</p>
<p>La partie textile de la broche est peinte puis brodée finement à la main. Un cadre en bois lui donne un air de tableau miniature.</p>
<ul>
<li>Support cabochon : bois de fruitier</li>
<li>Diamètre : 3,5 cm</li>
<li>Fermeture de la broche avec sécurité</li>
<li>Tissu : lin</li>
<li>Fil à broder : coton</li>
</ul>
<p>Pour l&rsquo;entretien, je vous recommande de frotter à plat entre vos mains, avec de l&rsquo;eau et un détergent doux.</p>
<p>Je conçois et réalise chaque modèle de broderie présenté dans ma boutique. Chacun de ces « mini tableaux » nature est unique.</p>
<p><strong>******************</strong></p>
<p>Pour plus de transparence, j&rsquo;ai fait le choix de ne pas inclure les <strong>frais d&rsquo;expédition</strong> dans le prix des articles que je vous propose. Ils sont donc ajoutés lors de votre commande. Retrouvez toutes les informations sur <a href="https://leriredelarcenciel.com/wordpress/2018/07/13/frais-dexpedition/" target="_blank" rel="noopener noreferrer"><strong><em>Frais d&rsquo;expédition</em></strong></a><strong><em>. </em></strong></p>
<p>Cet article entre dans la catégorie <em>Lettre suivie 20g</em>.</p>
<p><strong>******************</strong></p>
<p>Besoin d&rsquo;<strong>informations supplémentaires</strong> sur ce produit ? Laissez-moi un message<a href="https://leriredelarcenciel.com/wordpress/contact-2/" target="_blank" rel="noopener noreferrer"><em><strong> ici.</strong></em></a> Je vous répondrai au plus vite.</p>
<p><strong>******************</strong></p>
<p>Vous souhaitez <strong>envoyer un cadeau</strong> ? Je peux envoyer cet article directement à la personne de votre choix avec un emballage cadeau et un message de votre part. Pour cela, lors de votre commande, je vous invite à cocher la case « Expédier à une personne différente » et à me laisser le texte du message dans la partie « Notes de commande ».</p>
<p><strong>******************</strong></p>
<p><strong>Moyens de paiements</strong> acceptés : CB et Paypal</p>

<p>Broche décor nature, tissu lin et bois, bijou artisanal pour femme, peinture et broderie à la main</p>
