{"id":1542,"date":"2018-10-11T14:26:40","date_gmt":"2018-10-11T12:26:40","guid":{"rendered":"https:\/\/leriredelarcenciel.com\/wordpress\/?post_type=product&#038;p=1542"},"modified":"2025-01-13T11:30:02","modified_gmt":"2025-01-13T10:30:02","slug":"lettre-decorative-b-noir","status":"publish","type":"product","link":"https:\/\/leriredelarcenciel.com\/wordpress\/produit\/lettre-decorative-b-noir\/","title":{"rendered":"Lettre d\u00e9corative B, noir"},"content":{"rendered":"<p>Cette lettre B noire est une d\u00e9coration unique et originale \u00e0 offrir en cadeau, que ce soit pour une naissance, un anniversaire ou encore toute autre occasion pour petits et grands. Comme toutes les autres lettres en vente dans ma boutique, elle peut se poser partout dans une maison (chambre d&rsquo;enfant, salon, entr\u00e9e&#8230;). L\u00e9g\u00e8re, elle peut \u00e9galement se fixer sur une porte \u00e0 l&rsquo;aide d&rsquo;un double-face (non fourni).<br \/>\nUne initiale, un pr\u00e9nom, un mot&#8230; amusez-vous avec mes lettres d\u00e9coratives !<\/p>\n<p>La lettre B que je propose ici est en papier m\u00e2ch\u00e9. Elle est peinte en noir, avec une d\u00e9coration en rouge et blanc. Du sable et des coquillages garnissent la base. Un petit personnage en jupe (poup\u00e9e fabriqu\u00e9e \u00e9galement par mes soins) compl\u00e8te l&rsquo;ensemble.<\/p>\n<ul>\n<li>Lettre : papier m\u00e2ch\u00e9<\/li>\n<li>Dimensions de la lettre (personnage non compris) : 10 x 8 x 3 cm<\/li>\n<\/ul>\n<p>Vous souhaitez une lettre personnalis\u00e9e ?<br \/>\nContactez-moi pour que nous puissions parler ensemble de vos d\u00e9sirs.<br \/>\nPr\u00e9voir 8 jours de d\u00e9lai environ pour sa r\u00e9alisation.<\/p>\n<p><strong>******************<\/strong><\/p>\n<p>Pour plus de transparence, j&rsquo;ai fait le choix de ne pas inclure les <strong>frais d&rsquo;exp\u00e9dition<\/strong> dans le prix des articles que je vous propose. Ils sont donc ajout\u00e9s lors de votre commande. Retrouvez toutes les informations sur <a href=\"https:\/\/leriredelarcenciel.com\/wordpress\/2018\/07\/13\/frais-dexpedition\/\" target=\"_blank\" rel=\"noopener noreferrer\"><strong><em>Frais d&rsquo;exp\u00e9dition<\/em><\/strong><\/a><strong><em>. <\/em><\/strong><\/p>\n<p>Cet article entre dans la cat\u00e9gorie <em>Colissimo 250g<\/em>.<\/p>\n<p><strong>******************<\/strong><\/p>\n<p>Besoin d&rsquo;<strong>informations suppl\u00e9mentaires<\/strong> sur ce produit ? Laissez-moi un message<a href=\"https:\/\/leriredelarcenciel.com\/wordpress\/contact-2\/\" target=\"_blank\" rel=\"noopener noreferrer\"><em><strong> ici.<\/strong><\/em><\/a> Je vous r\u00e9pondrai au plus vite.<\/p>\n<p><strong>******************<\/strong><\/p>\n<p>Vous souhaitez <strong>envoyer un cadeau<\/strong> ? Je peux envoyer cet article directement \u00e0 la personne de votre choix avec un emballage cadeau et un message de votre part. Pour cela, lors de votre commande, je vous invite \u00e0 cocher la case \u00ab\u00a0Exp\u00e9dier \u00e0 une personne diff\u00e9rente\u00a0\u00bb et \u00e0 me laisser le texte du message dans la partie \u00ab\u00a0Notes de commande\u00a0\u00bb.<\/p>\n<p><strong>******************<\/strong><\/p>\n<p><strong>Moyens de paiements<\/strong> accept\u00e9s : CB et Paypal<\/p>\n","protected":false},"excerpt":{"rendered":"<p>Lettre B \u00e0 poser, B noir et rouge, d\u00e9coration pour fille, pr\u00e9nom initiale personnalis\u00e9e<\/p>\n","protected":false},"featured_media":1546,"template":"","meta":{"jetpack_post_was_ever_published":false},"product_brand":[],"product_cat":[489],"product_tag":[124,130,209,249,195,190],"class_list":{"0":"post-1542","1":"product","2":"type-product","3":"status-publish","4":"has-post-thumbnail","6":"product_cat-lettres_decoratives_avec_petits-personnages","7":"product_tag-cadeau-naissance","8":"product_tag-lettre-10-cm","9":"product_tag-lettre-a-poser","10":"product_tag-lettre-decoree","11":"product_tag-lettre-originale","12":"product_tag-lettre-prenom","13":"product_shipping_class-c250","15":"first","16":"instock","17":"shipping-taxable","18":"purchasable","19":"product-type-simple"},"jetpack_sharing_enabled":true,"_links":{"self":[{"href":"https:\/\/leriredelarcenciel.com\/wordpress\/wp-json\/wp\/v2\/product\/1542","targetHints":{"allow":["GET"]}}],"collection":[{"href":"https:\/\/leriredelarcenciel.com\/wordpress\/wp-json\/wp\/v2\/product"}],"about":[{"href":"https:\/\/leriredelarcenciel.com\/wordpress\/wp-json\/wp\/v2\/types\/product"}],"wp:featuredmedia":[{"embeddable":true,"href":"https:\/\/leriredelarcenciel.com\/wordpress\/wp-json\/wp\/v2\/media\/1546"}],"wp:attachment":[{"href":"https:\/\/leriredelarcenciel.com\/wordpress\/wp-json\/wp\/v2\/media?parent=1542"}],"wp:term":[{"taxonomy":"product_brand","embeddable":true,"href":"https:\/\/leriredelarcenciel.com\/wordpress\/wp-json\/wp\/v2\/product_brand?post=1542"},{"taxonomy":"product_cat","embeddable":true,"href":"https:\/\/leriredelarcenciel.com\/wordpress\/wp-json\/wp\/v2\/product_cat?post=1542"},{"taxonomy":"product_tag","embeddable":true,"href":"https:\/\/leriredelarcenciel.com\/wordpress\/wp-json\/wp\/v2\/product_tag?post=1542"}],"curies":[{"name":"wp","href":"https:\/\/api.w.org\/{rel}","templated":true}]}}

Lettre décorative B, noir

<p>Cette lettre B noire est une décoration unique et originale à offrir en cadeau, que ce soit pour une naissance, un anniversaire ou encore toute autre occasion pour petits et grands. Comme toutes les autres lettres en vente dans ma boutique, elle peut se poser partout dans une maison (chambre d&rsquo;enfant, salon, entrée&#8230;). Légère, elle peut également se fixer sur une porte à l&rsquo;aide d&rsquo;un double-face (non fourni).<br />
Une initiale, un prénom, un mot&#8230; amusez-vous avec mes lettres décoratives !</p>
<p>La lettre B que je propose ici est en papier mâché. Elle est peinte en noir, avec une décoration en rouge et blanc. Du sable et des coquillages garnissent la base. Un petit personnage en jupe (poupée fabriquée également par mes soins) complète l&rsquo;ensemble.</p>
<ul>
<li>Lettre : papier mâché</li>
<li>Dimensions de la lettre (personnage non compris) : 10 x 8 x 3 cm</li>
</ul>
<p>Vous souhaitez une lettre personnalisée ?<br />
Contactez-moi pour que nous puissions parler ensemble de vos désirs.<br />
Prévoir 8 jours de délai environ pour sa réalisation.</p>
<p><strong>******************</strong></p>
<p>Pour plus de transparence, j&rsquo;ai fait le choix de ne pas inclure les <strong>frais d&rsquo;expédition</strong> dans le prix des articles que je vous propose. Ils sont donc ajoutés lors de votre commande. Retrouvez toutes les informations sur <a href="https://leriredelarcenciel.com/wordpress/2018/07/13/frais-dexpedition/" target="_blank" rel="noopener noreferrer"><strong><em>Frais d&rsquo;expédition</em></strong></a><strong><em>. </em></strong></p>
<p>Cet article entre dans la catégorie <em>Colissimo 250g</em>.</p>
<p><strong>******************</strong></p>
<p>Besoin d&rsquo;<strong>informations supplémentaires</strong> sur ce produit ? Laissez-moi un message<a href="https://leriredelarcenciel.com/wordpress/contact-2/" target="_blank" rel="noopener noreferrer"><em><strong> ici.</strong></em></a> Je vous répondrai au plus vite.</p>
<p><strong>******************</strong></p>
<p>Vous souhaitez <strong>envoyer un cadeau</strong> ? Je peux envoyer cet article directement à la personne de votre choix avec un emballage cadeau et un message de votre part. Pour cela, lors de votre commande, je vous invite à cocher la case « Expédier à une personne différente » et à me laisser le texte du message dans la partie « Notes de commande ».</p>
<p><strong>******************</strong></p>
<p><strong>Moyens de paiements</strong> acceptés : CB et Paypal</p>

<p>Lettre B à poser, B noir et rouge, décoration pour fille, prénom initiale personnalisée</p>
