{"id":1397,"date":"2018-10-08T17:58:26","date_gmt":"2018-10-08T15:58:26","guid":{"rendered":"https:\/\/leriredelarcenciel.com\/wordpress\/?post_type=product&#038;p=1397"},"modified":"2025-01-13T11:30:03","modified_gmt":"2025-01-13T10:30:03","slug":"lettre-decorative-p-mauve","status":"publish","type":"product","link":"https:\/\/leriredelarcenciel.com\/wordpress\/produit\/lettre-decorative-p-mauve\/","title":{"rendered":"Lettre d\u00e9corative P, mauve"},"content":{"rendered":"<p>Cette lettre P mauve est une d\u00e9coration \u00e0 poser pour mettre une touche de po\u00e9sie dans la maison. C&rsquo;est une lettre de 10 cm de haut accompagn\u00e9e de son petit personnage, une fillette v\u00eatue d&rsquo;une robe violette et verte.<br \/>\nId\u00e9ale pour d\u00e9corer la chambre d&rsquo;enfant, l&rsquo;entr\u00e9e, le salon&#8230; vous pouvez \u00e9galement fixer la lettre sur la porte de chambre ou sur un mur. Il vous suffit d&rsquo;ajouter un adh\u00e9sif double face (non fourni) \u00e0 l&rsquo;arri\u00e8re. La lettre \u00e9tant l\u00e9g\u00e8re, elle se maintiendra sans probl\u00e8me.<br \/>\nC&rsquo;est un cadeau original \u00e0 offrir pour une naissance, un anniversaire, un No\u00ebl&#8230; Lettre \u00e0 pr\u00e9senter seule en initiale ou avec d&rsquo;autres lettres pour former un pr\u00e9nom complet ou un mot.<\/p>\n<p>La lettre est recouverte de peinture et de vernis. Du sable est fix\u00e9 \u00e0 sa base. La petite figurine tient un coquillage dans ses mains.<\/p>\n<ul>\n<li>Lettre : papier m\u00e2ch\u00e9<\/li>\n<li>Dimensions de la lettre (personnage non compris) : 10 x 7,5 x 3 cm<\/li>\n<\/ul>\n<p>Vous souhaitez une lettre personnalis\u00e9e ?<br \/>\nContactez-moi pour m&rsquo;informer de la lettre choisie, de sa couleur, du personnage d\u00e9sir\u00e9 (couleur et longueur des cheveux, robe ou pantalon).<br \/>\nPr\u00e9voir 8 jours de d\u00e9lai environ pour sa r\u00e9alisation.<\/p>\n<p><strong>******************<\/strong><\/p>\n<p>Pour plus de transparence, j&rsquo;ai fait le choix de ne pas inclure les <strong>frais d&rsquo;exp\u00e9dition<\/strong> dans le prix des articles que je vous propose. Ils sont donc ajout\u00e9s lors de votre commande. Retrouvez toutes les informations sur <a href=\"https:\/\/leriredelarcenciel.com\/wordpress\/2018\/07\/13\/frais-dexpedition\/\" target=\"_blank\" rel=\"noopener noreferrer\"><strong><em>Frais d&rsquo;exp\u00e9dition<\/em><\/strong><\/a><strong><em>. <\/em><\/strong><\/p>\n<p>Cet article entre dans la cat\u00e9gorie <em>Colissimo 250g<\/em>.<\/p>\n<p><strong>******************<\/strong><\/p>\n<p>Besoin d&rsquo;<strong>informations suppl\u00e9mentaires<\/strong> sur ce produit ? Laissez-moi un message<a href=\"https:\/\/leriredelarcenciel.com\/wordpress\/contact-2\/\" target=\"_blank\" rel=\"noopener noreferrer\"><em><strong> ici.<\/strong><\/em><\/a> Je vous r\u00e9pondrai au plus vite.<\/p>\n<p><strong>******************<\/strong><\/p>\n<p>Vous souhaitez <strong>envoyer un cadeau<\/strong> ? Je peux envoyer cet article directement \u00e0 la personne de votre choix avec un emballage cadeau et un message de votre part. Pour cela, lors de votre commande, je vous invite \u00e0 cocher la case \u00ab\u00a0Exp\u00e9dier \u00e0 une personne diff\u00e9rente\u00a0\u00bb et \u00e0 me laisser le texte du message dans la partie \u00ab\u00a0Notes de commande\u00a0\u00bb.<\/p>\n<p><strong>******************<\/strong><\/p>\n<p><strong>Moyens de paiements<\/strong> accept\u00e9s : CB et Paypal<\/p>\n","protected":false},"excerpt":{"rendered":"<p>Lettre P bibelot, d\u00e9coration \u00e0 poser 10 cm, lettre mauve, cadeau pour fille, lettre papier m\u00e2ch\u00e9, lettre originale<\/p>\n","protected":false},"featured_media":1401,"template":"","meta":{"jetpack_post_was_ever_published":false},"product_brand":[],"product_cat":[489],"product_tag":[277,130,191,190],"class_list":{"0":"post-1397","1":"product","2":"type-product","3":"status-publish","4":"has-post-thumbnail","6":"product_cat-lettres_decoratives_avec_petits-personnages","7":"product_tag-decoration-coloree","8":"product_tag-lettre-10-cm","9":"product_tag-lettre-3d","10":"product_tag-lettre-prenom","11":"product_shipping_class-c250","13":"first","14":"instock","15":"shipping-taxable","16":"purchasable","17":"product-type-simple"},"jetpack_sharing_enabled":true,"_links":{"self":[{"href":"https:\/\/leriredelarcenciel.com\/wordpress\/wp-json\/wp\/v2\/product\/1397","targetHints":{"allow":["GET"]}}],"collection":[{"href":"https:\/\/leriredelarcenciel.com\/wordpress\/wp-json\/wp\/v2\/product"}],"about":[{"href":"https:\/\/leriredelarcenciel.com\/wordpress\/wp-json\/wp\/v2\/types\/product"}],"wp:featuredmedia":[{"embeddable":true,"href":"https:\/\/leriredelarcenciel.com\/wordpress\/wp-json\/wp\/v2\/media\/1401"}],"wp:attachment":[{"href":"https:\/\/leriredelarcenciel.com\/wordpress\/wp-json\/wp\/v2\/media?parent=1397"}],"wp:term":[{"taxonomy":"product_brand","embeddable":true,"href":"https:\/\/leriredelarcenciel.com\/wordpress\/wp-json\/wp\/v2\/product_brand?post=1397"},{"taxonomy":"product_cat","embeddable":true,"href":"https:\/\/leriredelarcenciel.com\/wordpress\/wp-json\/wp\/v2\/product_cat?post=1397"},{"taxonomy":"product_tag","embeddable":true,"href":"https:\/\/leriredelarcenciel.com\/wordpress\/wp-json\/wp\/v2\/product_tag?post=1397"}],"curies":[{"name":"wp","href":"https:\/\/api.w.org\/{rel}","templated":true}]}}

Lettre décorative P, mauve

<p>Cette lettre P mauve est une décoration à poser pour mettre une touche de poésie dans la maison. C&rsquo;est une lettre de 10 cm de haut accompagnée de son petit personnage, une fillette vêtue d&rsquo;une robe violette et verte.<br />
Idéale pour décorer la chambre d&rsquo;enfant, l&rsquo;entrée, le salon&#8230; vous pouvez également fixer la lettre sur la porte de chambre ou sur un mur. Il vous suffit d&rsquo;ajouter un adhésif double face (non fourni) à l&rsquo;arrière. La lettre étant légère, elle se maintiendra sans problème.<br />
C&rsquo;est un cadeau original à offrir pour une naissance, un anniversaire, un Noël&#8230; Lettre à présenter seule en initiale ou avec d&rsquo;autres lettres pour former un prénom complet ou un mot.</p>
<p>La lettre est recouverte de peinture et de vernis. Du sable est fixé à sa base. La petite figurine tient un coquillage dans ses mains.</p>
<ul>
<li>Lettre : papier mâché</li>
<li>Dimensions de la lettre (personnage non compris) : 10 x 7,5 x 3 cm</li>
</ul>
<p>Vous souhaitez une lettre personnalisée ?<br />
Contactez-moi pour m&rsquo;informer de la lettre choisie, de sa couleur, du personnage désiré (couleur et longueur des cheveux, robe ou pantalon).<br />
Prévoir 8 jours de délai environ pour sa réalisation.</p>
<p><strong>******************</strong></p>
<p>Pour plus de transparence, j&rsquo;ai fait le choix de ne pas inclure les <strong>frais d&rsquo;expédition</strong> dans le prix des articles que je vous propose. Ils sont donc ajoutés lors de votre commande. Retrouvez toutes les informations sur <a href="https://leriredelarcenciel.com/wordpress/2018/07/13/frais-dexpedition/" target="_blank" rel="noopener noreferrer"><strong><em>Frais d&rsquo;expédition</em></strong></a><strong><em>. </em></strong></p>
<p>Cet article entre dans la catégorie <em>Colissimo 250g</em>.</p>
<p><strong>******************</strong></p>
<p>Besoin d&rsquo;<strong>informations supplémentaires</strong> sur ce produit ? Laissez-moi un message<a href="https://leriredelarcenciel.com/wordpress/contact-2/" target="_blank" rel="noopener noreferrer"><em><strong> ici.</strong></em></a> Je vous répondrai au plus vite.</p>
<p><strong>******************</strong></p>
<p>Vous souhaitez <strong>envoyer un cadeau</strong> ? Je peux envoyer cet article directement à la personne de votre choix avec un emballage cadeau et un message de votre part. Pour cela, lors de votre commande, je vous invite à cocher la case « Expédier à une personne différente » et à me laisser le texte du message dans la partie « Notes de commande ».</p>
<p><strong>******************</strong></p>
<p><strong>Moyens de paiements</strong> acceptés : CB et Paypal</p>

<p>Lettre P bibelot, décoration à poser 10 cm, lettre mauve, cadeau pour fille, lettre papier mâché, lettre originale</p>
