{"id":11481,"date":"2026-02-25T17:41:27","date_gmt":"2026-02-25T16:41:27","guid":{"rendered":"https:\/\/leriredelarcenciel.com\/wordpress\/?post_type=product&#038;p=11481"},"modified":"2026-02-25T17:43:33","modified_gmt":"2026-02-25T16:43:33","slug":"tableau-hublot-broderie-crabe-sur-lin-couleur-jaune-mangue-165-cm","status":"publish","type":"product","link":"https:\/\/leriredelarcenciel.com\/wordpress\/produit\/tableau-hublot-broderie-crabe-sur-lin-couleur-jaune-mangue-165-cm\/","title":{"rendered":"Tableau hublot broderie crabe sur lin couleur jaune mangue 16,5 cm"},"content":{"rendered":"<p>Tableau rond bicolore avec un crabe stylis\u00e9 brod\u00e9 \u00e0 la main sur du lin couleur jaune mangue.<\/p>\n<p>Cette d\u00e9coration murale est faite d\u2019un tissu en lin mont\u00e9 sur un tambour \u00e0 broder. Elle a un diam\u00e8tre de 16,5 cm. Je l\u2019ai brod\u00e9e \u00e0 la main d&rsquo;un motif, d&rsquo;apr\u00e8s le dessin original de L\u00e9o Gaillard. Plusieurs heures d\u2019un travail minutieux ont \u00e9t\u00e9 n\u00e9cessaires pour r\u00e9aliser ce tableau.<\/p>\n<p>Cr\u00e9ation originale et unique.<\/p>\n<ul>\n<li>Dimensions : diam\u00e8tre 16,5 cm<\/li>\n<li>Tissu 100% lin<\/li>\n<li>Fil \u00e0 broder 100% coton<\/li>\n<li>Tambour \u00e0 broder en h\u00eatre provenant de for\u00eats labellis\u00e9es FSC. Il sert de cadre au tableau.<\/li>\n<\/ul>\n<p><strong>******************<\/strong><\/p>\n<p>Pour plus de transparence, j&rsquo;ai fait le choix de ne pas int\u00e9grer les <strong>frais d&rsquo;exp\u00e9dition<\/strong> dans le prix des articles que je vous propose. Ils sont donc ajout\u00e9s lors de votre commande. Retrouvez toutes les informations sur <a href=\"https:\/\/leriredelarcenciel.com\/wordpress\/2018\/07\/13\/frais-dexpedition\/\" target=\"_blank\" rel=\"noopener noreferrer\"><strong><em>Frais d&rsquo;exp\u00e9dition<\/em><\/strong><\/a><strong><em>. <\/em><\/strong><\/p>\n<p>Ce produit entre dans la cat\u00e9gorie <em>Lettre suivie 250g<\/em>.<\/p>\n<p><strong>******************<\/strong><\/p>\n<p>Besoin d&rsquo;<strong>informations suppl\u00e9mentaires<\/strong> sur ce produit ? Laissez-moi un message<a href=\"https:\/\/leriredelarcenciel.com\/wordpress\/contact-2\/\" target=\"_blank\" rel=\"noopener noreferrer\"><em><strong> ici.<\/strong><\/em><\/a> Je vous r\u00e9pondrai au plus vite.<\/p>\n<p><strong>******************<\/strong><\/p>\n<p>Vous souhaitez <strong>envoyer un cadeau<\/strong> ? Je peux envoyer cet article directement \u00e0 la personne de votre choix avec un emballage cadeau et un message de votre part. Pour cela, lors de votre commande, je vous invite \u00e0 cocher la case \u00ab\u00a0Exp\u00e9dier \u00e0 une personne diff\u00e9rente\u00a0\u00bb et \u00e0 me laisser le texte du message dans la partie \u00ab\u00a0Notes de commande\u00a0\u00bb.<\/p>\n<p><strong>******************<\/strong><\/p>\n<p><strong>Moyens de paiements<\/strong> accept\u00e9s : CB et Paypal<\/p>\n","protected":false},"excerpt":{"rendered":"<p>Tableau rond en broderie fine \u00e0 l\u2019aiguille, d\u00e9coration th\u00e8me marin pr\u00e9sent\u00e9e sur toile entour\u00e9e d\u2019un tambour \u00e0 broder<\/p>\n","protected":false},"featured_media":11482,"template":"","meta":{"jetpack_post_was_ever_published":false},"product_brand":[],"product_cat":[482],"product_tag":[516,499,528,525,36,196,335,33],"class_list":{"0":"post-11481","1":"product","2":"type-product","3":"status-publish","4":"has-post-thumbnail","6":"product_cat-tableaux_brodes","7":"product_tag-artisanat-dart","8":"product_tag-broderie-a-laiguille","9":"product_tag-broderie-a-la-main","10":"product_tag-broderie-bretagne","11":"product_tag-broderie-nature","12":"product_tag-broderie-sur-tambour","13":"product_tag-fabrique-en-france","14":"product_tag-tableaux-brodes","15":"product_shipping_class-ls250","17":"first","18":"instock","19":"shipping-taxable","20":"purchasable","21":"product-type-simple"},"jetpack_sharing_enabled":true,"_links":{"self":[{"href":"https:\/\/leriredelarcenciel.com\/wordpress\/wp-json\/wp\/v2\/product\/11481","targetHints":{"allow":["GET"]}}],"collection":[{"href":"https:\/\/leriredelarcenciel.com\/wordpress\/wp-json\/wp\/v2\/product"}],"about":[{"href":"https:\/\/leriredelarcenciel.com\/wordpress\/wp-json\/wp\/v2\/types\/product"}],"wp:featuredmedia":[{"embeddable":true,"href":"https:\/\/leriredelarcenciel.com\/wordpress\/wp-json\/wp\/v2\/media\/11482"}],"wp:attachment":[{"href":"https:\/\/leriredelarcenciel.com\/wordpress\/wp-json\/wp\/v2\/media?parent=11481"}],"wp:term":[{"taxonomy":"product_brand","embeddable":true,"href":"https:\/\/leriredelarcenciel.com\/wordpress\/wp-json\/wp\/v2\/product_brand?post=11481"},{"taxonomy":"product_cat","embeddable":true,"href":"https:\/\/leriredelarcenciel.com\/wordpress\/wp-json\/wp\/v2\/product_cat?post=11481"},{"taxonomy":"product_tag","embeddable":true,"href":"https:\/\/leriredelarcenciel.com\/wordpress\/wp-json\/wp\/v2\/product_tag?post=11481"}],"curies":[{"name":"wp","href":"https:\/\/api.w.org\/{rel}","templated":true}]}}

<p>Tableau rond bicolore avec un crabe stylisé brodé à la main sur du lin couleur jaune mangue.</p>
<p>Cette décoration murale est faite d’un tissu en lin monté sur un tambour à broder. Elle a un diamètre de 16,5 cm. Je l’ai brodée à la main d&rsquo;un motif, d&rsquo;après le dessin original de Léo Gaillard. Plusieurs heures d’un travail minutieux ont été nécessaires pour réaliser ce tableau.</p>
<p>Création originale et unique.</p>
<ul>
<li>Dimensions : diamètre 16,5 cm</li>
<li>Tissu 100% lin</li>
<li>Fil à broder 100% coton</li>
<li>Tambour à broder en hêtre provenant de forêts labellisées FSC. Il sert de cadre au tableau.</li>
</ul>
<p><strong>******************</strong></p>
<p>Pour plus de transparence, j&rsquo;ai fait le choix de ne pas intégrer les <strong>frais d&rsquo;expédition</strong> dans le prix des articles que je vous propose. Ils sont donc ajoutés lors de votre commande. Retrouvez toutes les informations sur <a href="https://leriredelarcenciel.com/wordpress/2018/07/13/frais-dexpedition/" target="_blank" rel="noopener noreferrer"><strong><em>Frais d&rsquo;expédition</em></strong></a><strong><em>. </em></strong></p>
<p>Ce produit entre dans la catégorie <em>Lettre suivie 250g</em>.</p>
<p><strong>******************</strong></p>
<p>Besoin d&rsquo;<strong>informations supplémentaires</strong> sur ce produit ? Laissez-moi un message<a href="https://leriredelarcenciel.com/wordpress/contact-2/" target="_blank" rel="noopener noreferrer"><em><strong> ici.</strong></em></a> Je vous répondrai au plus vite.</p>
<p><strong>******************</strong></p>
<p>Vous souhaitez <strong>envoyer un cadeau</strong> ? Je peux envoyer cet article directement à la personne de votre choix avec un emballage cadeau et un message de votre part. Pour cela, lors de votre commande, je vous invite à cocher la case « Expédier à une personne différente » et à me laisser le texte du message dans la partie « Notes de commande ».</p>
<p><strong>******************</strong></p>
<p><strong>Moyens de paiements</strong> acceptés : CB et Paypal</p>

<p>Tableau rond en broderie fine à l’aiguille, décoration thème marin présentée sur toile entourée d’un tambour à broder</p>
