{"id":701,"date":"2018-08-02T14:41:32","date_gmt":"2018-08-02T12:41:32","guid":{"rendered":"https:\/\/leriredelarcenciel.com\/wordpress\/?page_id=701"},"modified":"2018-08-02T23:13:47","modified_gmt":"2018-08-02T21:13:47","slug":"vos-avis","status":"publish","type":"page","link":"https:\/\/leriredelarcenciel.com\/wordpress\/vos-avis\/","title":{"rendered":"Vos avis"},"content":{"rendered":"<h4>Vous venez d&rsquo;acheter une ou plusieurs cr\u00e9ations Le rire de l&rsquo;arc-en-ciel ?<\/h4>\n<h4>Votre avis m&rsquo;int\u00e9resse \ud83d\ude42<\/h4>\n<p>Prenez s&rsquo;il vous plait le temps de voter avec les \u00e9toiles bleues.<\/p>\n<p>De plus, vos commentaires pourront \u00eatre utiles aux prochains visiteurs de la boutique. Je vous invite donc \u00e0 mettre quelques mots ci-dessous \u00e0 propos de votre achat.<\/p>\n<ul>\n<li>La transaction s&rsquo;est-elle bien pass\u00e9e ?<\/li>\n<li>Etes-vous satisfait-e du contenu de votre commande ?<\/li>\n<li>Recommanderiez-vous Le rire de l&rsquo;arc-en-ciel \u00e0 vos proches ?<\/li>\n<li>&#8230;<\/li>\n<\/ul>\n<p>Merci pour ces quelques minutes que vous voudrez bien consacrer au Rire de l&rsquo;arc-en-ciel.<\/p>\n<p>&nbsp;<\/p>\n","protected":false},"excerpt":{"rendered":"<p>Vous venez d&rsquo;acheter une ou plusieurs cr\u00e9ations Le rire de l&rsquo;arc-en-ciel ? Votre avis m&rsquo;int\u00e9resse \ud83d\ude42 Prenez s&rsquo;il vous plait le temps de voter avec les \u00e9toiles bleues. De plus, vos commentaires pourront \u00eatre utiles aux prochains visiteurs de la boutique. Je vous invite donc \u00e0 mettre quelques mots ci-dessous \u00e0 propos de votre achat. [&hellip;]<\/p>\n","protected":false},"author":1,"featured_media":0,"parent":0,"menu_order":10,"comment_status":"open","ping_status":"closed","template":"","meta":{"jetpack_post_was_ever_published":false,"footnotes":""},"class_list":["post-701","page","type-page","status-publish","hentry"],"jetpack_sharing_enabled":false,"jetpack_shortlink":"https:\/\/wp.me\/P9KqoC-bj","_links":{"self":[{"href":"https:\/\/leriredelarcenciel.com\/wordpress\/wp-json\/wp\/v2\/pages\/701","targetHints":{"allow":["GET"]}}],"collection":[{"href":"https:\/\/leriredelarcenciel.com\/wordpress\/wp-json\/wp\/v2\/pages"}],"about":[{"href":"https:\/\/leriredelarcenciel.com\/wordpress\/wp-json\/wp\/v2\/types\/page"}],"author":[{"embeddable":true,"href":"https:\/\/leriredelarcenciel.com\/wordpress\/wp-json\/wp\/v2\/users\/1"}],"replies":[{"embeddable":true,"href":"https:\/\/leriredelarcenciel.com\/wordpress\/wp-json\/wp\/v2\/comments?post=701"}],"version-history":[{"count":5,"href":"https:\/\/leriredelarcenciel.com\/wordpress\/wp-json\/wp\/v2\/pages\/701\/revisions"}],"predecessor-version":[{"id":740,"href":"https:\/\/leriredelarcenciel.com\/wordpress\/wp-json\/wp\/v2\/pages\/701\/revisions\/740"}],"wp:attachment":[{"href":"https:\/\/leriredelarcenciel.com\/wordpress\/wp-json\/wp\/v2\/media?parent=701"}],"curies":[{"name":"wp","href":"https:\/\/api.w.org\/{rel}","templated":true}]}}